digit of 1260?
1
What is the tens digit of 51484?
8
What is the units digit of 4764?
4
What is the units digit of 753?
3
What is the tens digit of 1843?
4
What is the ten thousands digit of 11468?
1
What is the units digit of 1664?
4
What is the units digit of 1839?
9
What is the hundreds digit of 61330?
3
What is the tens digit of 5903?
0
What is the tens digit of 6218?
1
What is the thousands digit of 10563?
0
What is the thousands digit of 18556?
8
What is the tens digit of 58860?
6
What is the units digit of 6965?
5
What is the thousands digit of 4972?
4
What is the thousands digit of 1960?
1
What is the thousands digit of 1454?
1
What is the tens digit of 775?
7
What is the thousands digit of 51581?
1
What is the hundreds digit of 4937?
9
What is the thousands digit of 2652?
2
What is the thousands digit of 3626?
3
What is the units digit of 110712?
2
What is the tens digit of 1942?
4
What is the hundreds digit of 761?
7
What is the units digit of 622?
2
What is the hundreds digit of 621?
6
What is the hundreds digit of 1196?
1
What is the tens digit of 7848?
4
What is the units digit of 6236?
6
What is the hundreds digit of 1395?
3
What is the tens digit of 102167?
6
What is the hundreds digit of 528?
5
What is the thousands digit of 7910?
7
What is the tens digit of 8068?
6
What is the thousands digit of 16800?
6
What is the hundreds digit of 1100?
1
What is the hundreds digit of 3859?
8
What is the units digit of 1450?
0
What is the units digit of 765?
5
What is the hundreds digit of 1076?
0
What is the thousands digit of 2916?
2
What is the hundreds digit of 55266?
2
What is the hundreds digit of 8082?
0
What is the tens digit of 8419?
1
What is the thousands digit of 45335?
5
What is the units digit of 912?
2
What is the ten thousands digit of 20689?
2
What is the tens digit of 39928?
2
What is the units digit of 5043?
3
What is the hundreds digit of 31834?
8
What is the units digit of 11?
1
What is the units digit of 2235?
5
What is the thousands digit of 5224?
5
What is the hundreds digit of 27673?
6
What is the thousands digit of 1378?
1
What is the tens digit of 345?
4
What is the hundreds digit of 5996?
9
What is the hundreds digit of 58959?
9
What is the tens digit of 11761?
6
What is the units digit of 27394?
4
What is the thousands digit of 1568?
1
What is the thousands digit of 53123?
3
What is the hundred thousands digit of 199206?
1
What is the tens digit of 2173?
7
What is the tens digit of 2328?
2
What is the ten thousands digit of 47493?
4
What is the thousands digit of 8284?
8
What is the tens digit of 960?
6
What is the hundreds digit of 49755?
7
What is the tens digit of 4130?
3
What is the thousands digit of 1443?
1
What is the units digit of 377?
7
What is the hundreds digit of 420?
4
What is the units digit of 656?
6
What is the tens digit of 1202?
0
What is the tens digit of 3469?
6
What is the units digit of 5278?
8
What is the thousands digit of 34410?
4
What is the units digit of 2572?
2
What is the units digit of 1038?
8
What is the units digit of 26481?
1
What is the units digit of 6024?
4
What is the hundreds digit of 79679?
6
What is the tens digit of 3166?
6
What is the thousands digit of 4859?
4
What is the thousands digit of 1331?
1
What is the thousands digit of 108003?
8
What is the ten thousands digit of 17209?
1
What is the hundreds digit of 4154?
1
What is the tens digit of 771?
7
What is the thousands digit of 34910?
4
What is the units digit of 8009?
9
What is the thousands digit of 38423?
8
What is the hundreds digit of 4897?
8
What is the tens digit of 2221?
2
What is the thousands digit of 3511?
3
What is the units digit of 455?
5
What is the thousands digit of 66935?
6
What is the hundreds digit of 975?
9
What is the units digit of 967?
7
What is the hundreds digit of 21408?
4
What is the tens digit of 11089?
8
What is the tens digit of 1432?
3
What is the units digit of 21039?
9
What is the thousands digit of 6244?
6
What is the tens digit of 26873?
7
What is the hundreds digit of 16541?
5
What is the thousands digit of 4286?
4
What is the units digit of 1365?
5
What is the tens digit of 36382?
8
What is the tens digit of 73395?
9
What is the units digit of 5630?
0
What is the units digit of 12671?
1
What is the hundreds digit of 1875?
8
What is the thousands digit of 8466?
8
What is the thousands digit of 3232?
3
What is the tens digit of 312?
1
What is the tens digit of 154?
5
What is the tens digit of 846?
4
What is the hundreds digit of 1036?
0
What is the thousands digit of 90456?
0
What is the units digit of 15149?
9
What is the hundreds digit of 2513?
5
What is the ten thousands digit of 83428?
8
What is the hundreds digit of 814?
8
What is the hundreds digit of 117981?
9
What is the hundreds digit of 1144?
1
What is the tens digit of 313?
1
What is the units digit of 6403?
3
What is the tens digit of 7979?
7
What is the tens digit of 55102?
0
What is the units digit of 38407?
7
What is the thousands digit of 12439?
2
What is the hundreds digit of 3950?
9
What is the tens digit of 23538?
3
What is the thousands digit of 1703?
1
What is the thousands digit of 138744?
8
What is the thousands digit of 3103?
3
What is the tens digit of 54725?
2
What is the hundreds digit of 33394?
3
What is the tens digit of 3646?
4
What is the ten thousands digit of 13223?
1
What is the thousands digit of 8160?
8
What is the ten thousands digit of 32886?
3
What is the hundreds digit of 1956?
9
What is the hundreds digit of 1863?
8
What is the hundred thousands digit of 121925?
1
What is the units digit of 31625?
5
What is the hundreds digit of 34136?
1
What is the thousands digit of 3470?
3
What is the units digit of 15616?
6
What is the thousands digit of 2120?
2
What is the thousands digit of 2149?
2
What is the tens digit of 2441?
4
What is the units digit of 69839?
9
What is the ten thousands digit of 20980?
2
What is the tens digit of 384?
8
What is the thousands digit of 1896?
1
What is the units digit of 45646?
6
What is the thousands digit of 1574?
1
What is the ten thousands digit of 21748?
2
What is the hundreds digit of 51272?
2
What is the thousands digit of 11950?
1
What is the hundreds digit of 3319?
3
What is the hundreds digit of 7993?
9
What is the units digit of 43245?
5
What is the thousands digit of 3039?
3
What is the units digit of 20238?
8
What is the tens digit of 21601?
0
What is the tens digit of 1416?
1
What is the hundreds digit of 1079?
0
What is the tens digit of 2789?
8
What is the tens digit of 1901?
0
What is the hundreds digit of 13343?
3
What is the tens digit of 70381?
8
What is the ten thousands digit of 23452?
2
What is the units digit of 120525?
5
What is the units digit of 20934?
4
What is the tens digit of 6572?
7
What is the tens digit of 2967?
6
What is the hundreds digit of 3539?
5
What is the tens digit of 18426?
2
What is the thousands digit of 3303?
3
What is the tens digit of 44107?
0
What is the ten thousands digit of 102864?
0
What is the units digit of 36106?
6
What is the thousands digit of 5498?
5
What is the units digit of 181147?
7
What is the units digit of 13282?
2
What is the tens digit of 5204?
0
What is the units digit of 87457?
7
What is the units digit of 562?
2
What is the tens digit of 13246?
4
What is the tens digit of 16213?
1
What is the units digit of 75?
5
What is the hundreds digit of 948?
9
What is the thousands digit of 13549?
3
What is the units digit of 2955?
5
What is the hundreds digit of 10727?
7
What is the tens digit of 2923?
2
What is the units digit of 7270?
0
What is the thousands digit of 1193?
1
What is the thousands digit of 1038?
1
What is the units digit of 28817?
7
What is the thousands digit of 36707?
6
What is the units digit of 11046?
6
What is the thousands digit of 22524?
2
What is the units digit of 39?
9
What is the units digit of 313?
3
What is the hundreds digit of 17838?
8
What is the units digit of 2221?
1
What is the hundreds digit of 543?
5
What is the tens digit of 22717?
1
What is the tens digit of 1397?
9
What is the tens digit of 2015?
1
What is the units digit of 6439?
9
What is the hundreds digit of 26435?
4
What is the units digit of 1038?
8
What is the units digit of 17558?
8
What is the thou